{"id":24,"date":"2015-01-18T21:01:58","date_gmt":"2015-01-18T21:01:58","guid":{"rendered":"http:\/\/pekom.hr\/wordpress\/?page_id=24"},"modified":"2022-11-15T07:22:17","modified_gmt":"2022-11-15T07:22:17","slug":"kontakt","status":"publish","type":"page","link":"https:\/\/pekom.hr\/?page_id=24","title":{"rendered":"Kontakt"},"content":{"rendered":"<p style=\"text-align: center;\"><img loading=\"lazy\" decoding=\"async\" class=\"alignnone wp-image-539 size-full\" src=\"http:\/\/pekom.hr\/wp-content\/uploads\/2015\/02\/pekom_logo.png\" alt=\"pekom_logo\" width=\"200\" height=\"133\"><\/p>\n<hr>\n<p style=\"text-align: center;\"><span style=\"color: #d15a00;\"><strong>KONTAKTIRAJTE NAS<\/strong><\/span><\/p>\n<p style=\"text-align: center;\"><span style=\"color: #471e05;\"><strong><em>\u017delite nam pomo\u0107i Va\u0161im prijedlozima, savjetima ili mo\u017eda kritikama kako bi na\u0161e budu\u0107e poslovanje bilo jo\u0161 bolje i kvalitetnije? &nbsp;<\/em><\/strong><\/span><\/p>\n<p style=\"text-align: center;\"><span style=\"color: #471e05;\"><strong><em>Slobodno nas kontaktirajte,&nbsp;da na\u0161a zajedni\u010dka suradnja bude \u0161to uspje\u0161nija.<\/em><\/strong><\/span><\/p>\n<p style=\"text-align: center;\">Pekom d.o.o. za proizvodnju kruha i peciva , Ivana Rendi\u0107a 13, Krapina<\/p>\n<p style=\"text-align: center;\"><span style=\"color: #d15a05;\"><strong>Direktor: Katarina Posilovi\u0107, dipl. oec.<\/strong><\/span><\/p>\n<pre style=\"text-align: center;\"><strong>Tel: 049\/372-174, 049\/370-513\n<\/strong><strong>Fax: 049\/372-174<\/strong>\n<strong>  e-mail: <a href=\"mailto:info@pekom.hr\">info@pekom.hr<\/a><\/strong><\/pre>\n<h3 style=\"text-align: center;\">&nbsp; \n<div class=\"wpcf7 no-js\" id=\"wpcf7-f569-o1\" lang=\"en-US\" dir=\"ltr\" data-wpcf7-id=\"569\">\n<div class=\"screen-reader-response\"><p role=\"status\" aria-live=\"polite\" aria-atomic=\"true\"><\/p> <ul><\/ul><\/div>\n<form action=\"\/index.php?rest_route=%2Fwp%2Fv2%2Fpages%2F24#wpcf7-f569-o1\" method=\"post\" class=\"wpcf7-form init\" aria-label=\"Contact form\" novalidate=\"novalidate\" data-status=\"init\">\n<div style=\"display: none;\">\n<input type=\"hidden\" name=\"_wpcf7\" value=\"569\" \/>\n<input type=\"hidden\" name=\"_wpcf7_version\" value=\"6.0.5\" \/>\n<input type=\"hidden\" name=\"_wpcf7_locale\" value=\"en_US\" \/>\n<input type=\"hidden\" name=\"_wpcf7_unit_tag\" value=\"wpcf7-f569-o1\" \/>\n<input type=\"hidden\" name=\"_wpcf7_container_post\" value=\"0\" \/>\n<input type=\"hidden\" name=\"_wpcf7_posted_data_hash\" value=\"\" \/>\n<input type=\"hidden\" name=\"_wpcf7_recaptcha_response\" value=\"\" \/>\n<\/div>\n<div style=\"max-width: 350px; margin: 0 auto;\">\n\t<p align=\"center\"><B>\n\t\t\t<font color=\"db7318\">Va\u0161e ime i prezime:\n\n <span class=\"wpcf7-form-control-wrap\" data-name=\"your-name\"><input size=\"40\" maxlength=\"400\" class=\"wpcf7-form-control wpcf7-text wpcf7-validates-as-required\" aria-required=\"true\" aria-invalid=\"false\" value=\"\" type=\"text\" name=\"your-name\" \/><\/span> <\/ font color>\n\t\t\t<\/font><\/b>\n\t<\/p>\n\t<p align=\"center\"><B>Va\u0161 e-mail:<br \/>\n<span class=\"wpcf7-form-control-wrap\" data-name=\"your-email\"><input size=\"40\" maxlength=\"400\" class=\"wpcf7-form-control wpcf7-email wpcf7-validates-as-required wpcf7-text wpcf7-validates-as-email\" aria-required=\"true\" aria-invalid=\"false\" value=\"\" type=\"email\" name=\"your-email\" \/><\/span> <\/b>\n\t<\/p>\n\t<p align=\"center\"><B>Naslov poruke:<br \/>\n<span class=\"wpcf7-form-control-wrap\" data-name=\"your-subject\"><input size=\"40\" maxlength=\"400\" class=\"wpcf7-form-control wpcf7-text\" aria-invalid=\"false\" value=\"\" type=\"text\" name=\"your-subject\" \/><\/span> <\/b>\n\t<\/p>\n\t<p align=\"center\"><B>Va\u0161a poruka:<br \/>\n<span class=\"wpcf7-form-control-wrap\" data-name=\"your-message\"><textarea cols=\"40\" rows=\"10\" maxlength=\"2000\" class=\"wpcf7-form-control wpcf7-textarea\" aria-invalid=\"false\" name=\"your-message\"><\/textarea><\/span> <\/b>\n\t<\/p>\n\n\t<p align=\"center\" style=\"margin-top: 20px;\"><input class=\"wpcf7-form-control wpcf7-submit has-spinner\" type=\"submit\" value=\"Po\u0161alji\" \/>\n\t<\/p>\n<\/div><p style=\"display: none !important;\" class=\"akismet-fields-container\" data-prefix=\"_wpcf7_ak_\"><label>&#916;<textarea name=\"_wpcf7_ak_hp_textarea\" cols=\"45\" rows=\"8\" maxlength=\"100\"><\/textarea><\/label><input type=\"hidden\" id=\"ak_js_1\" name=\"_wpcf7_ak_js\" value=\"187\"\/><script>document.getElementById( \"ak_js_1\" ).setAttribute( \"value\", ( new Date() ).getTime() );<\/script><\/p><div class=\"wpcf7-response-output\" aria-hidden=\"true\"><\/div>\n<\/form>\n<\/div>\n<\/h3>\n<hr>\n<h3 style=\"text-align: center;\"><\/h3>\n<h3><span style=\"color: #d15a05;\"><strong>Pekom <span style=\"color: #471e05;\">d.o.o.<\/span>&nbsp;<span style=\"color: #471e05;\">za proizvodnju kruha i peciva&nbsp;<\/span><\/strong><\/span><\/h3>\n<ul>\n<li class=\"align-center\"><span style=\"color: #000000;\">Dru\u0161tvo je upisano u sudski registar Trgova\u010dkog suda u Zagrebu pod brojem 3803350<\/span><\/li>\n<li class=\"align-center\"><span style=\"color: #000000;\">Temeljni kapital: 52.400,00 kn, upla\u0107en u cjelosti<\/span><\/li>\n<li class=\"align-center\"><span style=\"color: #000000;\">Uprava: direktor Katarina Posilovi\u0107, dipl. oec.<\/span><\/li>\n<li class=\"align-center\"><span style=\"color: #000000;\">OIB: 97537222719<\/span><\/li>\n<li class=\"align-center\"><span style=\"color: #000000;\">Transakcijski ra\u010duni:<\/span>\n<ul>\n<li class=\"align-center\"><span style=\"color: #000000;\">ZABA: HR7523600001101372425<\/span><\/li>\n<li class=\"align-center\"><span style=\"color: #000000;\">&nbsp; PBZ: HR123400091100212499<\/span><\/li>\n<\/ul>\n<\/li>\n<\/ul>\n<hr>\n","protected":false},"excerpt":{"rendered":"<p>KONTAKTIRAJTE NAS \u017delite nam pomo\u0107i Va\u0161im prijedlozima, savjetima ili mo\u017eda kritikama kako bi na\u0161e budu\u0107e poslovanje bilo jo\u0161 bolje i kvalitetnije? &nbsp; Slobodno nas kontaktirajte,&nbsp;da na\u0161a zajedni\u010dka suradnja bude \u0161to uspje\u0161nija. Pekom d.o.o. za proizvodnju kruha i peciva , Ivana Rendi\u0107a 13, Krapina Direktor: Katarina Posilovi\u0107, dipl. oec. Tel: 049\/372-174, 049\/370-513 Fax: 049\/372-174 e-mail: info@pekom.hr [&hellip;]<\/p>\n","protected":false},"author":1,"featured_media":0,"parent":22,"menu_order":0,"comment_status":"closed","ping_status":"open","template":"","meta":{"footnotes":""},"class_list":["post-24","page","type-page","status-publish","hentry"],"_links":{"self":[{"href":"https:\/\/pekom.hr\/index.php?rest_route=\/wp\/v2\/pages\/24","targetHints":{"allow":["GET"]}}],"collection":[{"href":"https:\/\/pekom.hr\/index.php?rest_route=\/wp\/v2\/pages"}],"about":[{"href":"https:\/\/pekom.hr\/index.php?rest_route=\/wp\/v2\/types\/page"}],"author":[{"embeddable":true,"href":"https:\/\/pekom.hr\/index.php?rest_route=\/wp\/v2\/users\/1"}],"replies":[{"embeddable":true,"href":"https:\/\/pekom.hr\/index.php?rest_route=%2Fwp%2Fv2%2Fcomments&post=24"}],"version-history":[{"count":60,"href":"https:\/\/pekom.hr\/index.php?rest_route=\/wp\/v2\/pages\/24\/revisions"}],"predecessor-version":[{"id":2738,"href":"https:\/\/pekom.hr\/index.php?rest_route=\/wp\/v2\/pages\/24\/revisions\/2738"}],"up":[{"embeddable":true,"href":"https:\/\/pekom.hr\/index.php?rest_route=\/wp\/v2\/pages\/22"}],"wp:attachment":[{"href":"https:\/\/pekom.hr\/index.php?rest_route=%2Fwp%2Fv2%2Fmedia&parent=24"}],"curies":[{"name":"wp","href":"https:\/\/api.w.org\/{rel}","templated":true}]}}